*8/10. Suppose 2*v = v + q. What is the units digit of v?
2
Let y(g) be the third derivative of -g**6/120 - g**5/30 + g**4/6 - g**3/2 - 2*g**2. What is the units digit of y(-4)?
3
Suppose -4*h + 35 = -3*w, -2*h = -2*w + 7*w - 37. Let l(o) = o**2 - 8*o + 6. What is the tens digit of l(h)?
3
Suppose -4*i + 44 = -c, -3*c + 7*c - 5*i = -121. Let z = -14 - c. What is the units digit of z?
0
Let b(h) = -17*h. What is the hundreds digit of b(-9)?
1
Let t(g) be the second derivative of -g**5/20 + g**4/4 - g**2 - g. Let o be t(3). What is the units digit of o/3 + (-14)/(-3)?
4
Let d(o) = -o**2 - 2. Let q be d(2). What is the tens digit of (-3 + (-38)/q)*6?
2
Let m = -2 - -4. What is the units digit of 7 + m/2*-1?
6
Let u = -203 + 362. What is the units digit of u?
9
Let n = -295 + 538. What is the units digit of n?
3
Let g be 16/(-10)*(-5)/1. Let q = g + -5. Suppose -q + 8 = 5*r. What is the units digit of r?
1
Suppose 4*f = -2*s - 6, -4*f + s = -3*s - 12. Suppose -4*p + 18 - 2 = f. Suppose -8 = -4*h - p. What is the units digit of h?
1
Suppose 131 - 32 = q - 3*w, -505 = -5*q + 5*w. What is the units digit of q?
2
Let f(v) = -3*v**3 - v**2 + v. Let p be f(1). Let d be (-1)/(-2 + (-3)/p). Suppose -25 = -4*y - d. What is the units digit of y?
6
Let t(o) = o**3 + 6*o**2 - 2*o - 8. What is the units digit of t(-4)?
2
Let v be (23/(-4))/(3/(-12)). What is the units digit of v/2 + (-2)/(-4)?
2
Suppose 393 - 33 = 4*a. What is the units digit of a?
0
Let n(v) = v**2 - 2*v. Let h be n(3). Suppose 6*l - 3 = h*l. What is the units digit of l - 4/((-8)/6)?
4
Let v(h) = h - 5. Let l be v(7). Let p be (-3 + 0)/(l + -3). Suppose p*w - 1 = 4*o, -5*w - 5*o = -2*w - 46. What is the units digit of w?
7
What is the tens digit of (2 + -1)/((-13)/(-754))?
5
Let y be 8/(-12) + 8/3. Suppose y*m = 1 + 3. Suppose m = z - 4. What is the units digit of z?
6
Let t(l) = -3*l**2 + 5*l + 4. Let k(f) = -f. Let d(p) = -6*k(p) - t(p). What is the tens digit of d(4)?
4
Let i(c) = 13*c**2 - 2. Let d be i(-2). Suppose 4*l + d = 6*l. What is the units digit of l?
5
Let j(y) = y**2 + 13*y + 23. What is the units digit of j(-15)?
3
Suppose -4*b + 83 + 37 = 0. What is the units digit of b?
0
Suppose 3*i = -121 + 376. What is the units digit of i?
5
Suppose 0*p = -4*p + 8. Suppose 3 = -2*n - 5*b, -p*n - 2*b + 3 = -9. Suppose z = -0*z + n. What is the units digit of z?
1
Let b(g) = -6*g + 2. Let o(w) = -7*w + 3. Let y(c) = 6*b(c) - 5*o(c). What is the units digit of y(-7)?
4
Let v(n) = -n**2 - 7*n - 6. Let f be v(-5). Suppose 0 = f*a + a. Suppose a = 3*h - 0 - 9. What is the units digit of h?
3
Suppose -3*h + 9 - 3 = 0. Suppose d = 6*d. Suppose h*u + u - 30 = d. What is the units digit of u?
0
Let s = 7 - 1. Suppose s = 3*x - 0. What is the units digit of x?
2
Let q be ((-16)/12)/((-3)/(-90)). What is the units digit of -1 + (2 - 2 - q)?
9
Let k(u) = 9*u**2 + 3*u - 16. What is the units digit of k(5)?
4
Suppose 2*z = -0*z. Let d(l) = -7*l**3 + 7*l**2 - 2*l + 3. Let f(j) = 3*j**3 - 3*j**2 + j - 2. Let o(u) = -2*d(u) - 5*f(u). What is the units digit of o(z)?
4
Suppose 4*x = 8*x + 12. Let i = 0 - x. What is the units digit of i?
3
Let g(o) be the first derivative of o**3/3 - 3*o**2/2 - 6*o - 7. What is the units digit of g(-5)?
4
Suppose -2*p = -6*p + 36. Let f = p - -6. Let h = 27 - f. What is the units digit of h?
2
Let k = 934 - 664. What is the units digit of k?
0
Let i = -3 + 7. Suppose 0 = c + 3*c - 40. Let l = c - i. What is the units digit of l?
6
Let v = -1 + 21. Suppose 0 = -0*z - 5*z + v. What is the units digit of z?
4
Suppose -2*z = -6*z + 56. What is the units digit of z?
4
Suppose 5*u + 176 = 36. What is the units digit of (u/(-5))/((-10)/(-75))?
2
Suppose -36 = 3*x - 87. Let o = -13 + 24. Suppose 2*r = o + x. What is the units digit of r?
4
Let t(q) = -4 + 5 + 7 - q**2 + 8*q. What is the units digit of t(7)?
5
Let v(o) = -1 + 0 - 2*o - 2 + 5. Let w be (6/8)/(2/(-8)). What is the units digit of v(w)?
8
Let l(v) be the third derivative of v**5/6 + v**2. What is the tens digit of l(1)?
1
Suppose -5*g - c + 5*c - 4 = 0, 3*g = 5*c - 5. Let h = 2 - g. Suppose 5*t + 14 = 3*l, -h*l - 17 = -7*l + 2*t. What is the units digit of l?
3
Let d = 80 + -45. Suppose -77 = -4*h + d. What is the tens digit of h?
2
Suppose -3*k + 4 = -k. Suppose k*o = 1 + 3. Suppose 0 = 5*a - o*w - 25, 5*w + 0 = a - 5. What is the units digit of a?
5
Let i be (-15)/(2 + (-1)/1). Suppose 0 = 2*f + f - 63. Let o = f + i. What is the units digit of o?
6
Let i = -30 - -51. What is the units digit of (-16)/6*i/(-2)?
8
Let a(x) = -13*x - 23. What is the units digit of a(-14)?
9
Suppose 0 = -5*r - 121 + 21. Let i be (-5)/r + 7/4. What is the units digit of i/(-9) - 296/(-36)?
8
Let g be (-1)/((-86)/(-44) + -2). Suppose 2*i - g = -0*i. What is the tens digit of i?
1
Suppose -j + 0 = -23. Let r = j - 14. Suppose -2*u + 9 = -3*w - r, -5*u + 19 = -w. What is the units digit of u?
3
Let i(k) = -74*k**2 - 2*k + 1. Let c be i(1). Let s = c - -106. Let u = s - 18. What is the units digit of u?
3
Let s(u) = u**3 - 4*u**2 - 4*u + 2. What is the units digit of s(5)?
7
Suppose 0 = -2*b - 4*v, 12 = 4*b - v + 3. Suppose -4*h + 11 = -c + b, c - h = 0. Suppose -1 = c*k - 4*k. What is the units digit of k?
1
Let a = 11 - 7. Suppose 0 = -b - a*c + 5, -3*b + 7*b = 2*c - 52. What is the tens digit of (b/(-4))/(1/4)?
1
Let i be (-3)/12 + 745/4. Suppose -y + 2 = -2*y, 5*t = 3*y + i. What is the units digit of t?
6
Suppose 5*q + 10 = 0, 2*g - q - 2 = -0*q. Suppose -3 = -g*c - 3*c. What is the units digit of c?
1
Let m(c) be the second derivative of -1/3*c**3 - 2*c - 1/2*c**2 + 0 + 1/20*c**5 + 0*c**4. What is the units digit of m(2)?
3
Let d(m) = 38*m - 15. Let r(i) = 19*i - 7. Let f(j) = 6*d(j) - 13*r(j). What is the tens digit of f(-1)?
2
What is the units digit of -1 + 0 + 117 + -1?
5
Suppose 20*a - 148 = 18*a. What is the units digit of a?
4
Suppose 4*w - 19 + 11 = 0. What is the units digit of w?
2
Suppose p - 10 + 5 = 0. Let w(h) = -h**2 - 7*h - 2. Let a be w(-6). Suppose -p*f + 65 = -5*k, 0*f = -a*f + k + 40. What is the units digit of f?
9
Suppose -5*w + 5 = l, -w - 27 = -3*l - 4*w. Let y = -3 + l. What is the units digit of y?
7
Suppose s + w + 1 = -0*w, 0 = -3*s + 2*w + 12. Suppose 4 = -p + s. Let c = 4 + p. What is the units digit of c?
2
What is the tens digit of (6/(-10))/(1/(-35))?
2
Let s = -56 + 145. What is the tens digit of s?
8
Suppose 4*s = -5*z + 6 + 26, -20 = -4*s - 2*z. Suppose -i + 4 = s*i. What is the units digit of i?
1
Suppose z + z = 10. Let d(c) = 2*c**2 + 3*c + 11. Let o(u) = u**2 + 2*u + 5. Let m(j) = z*o(j) - 2*d(j). What is the units digit of m(-4)?
3
Let f = 202 - 343. Let k be f/(-27) + 2/(-9). Suppose -k*a = -1 - 4. What is the units digit of a?
1
Suppose 0 = -8*a + 12*a + 64. Let u = a - -48. What is the units digit of u?
2
Let o(x) be the first derivative of -x**3/6 + 2*x**2 - x + 2. Let t(v) be the first derivative of o(v). What is the units digit of t(3)?
1
Let a be ((-77)/44)/(1/(-4)). Suppose 0*v + 3*k - 11 = -4*v, 0 = -3*v - k + a. What is the units digit of v?
2
What is the tens digit of 27/1 - (-6)/(-2)*-1?
3
Suppose -4*o = -5*z - 9, 4*z + 6 = 4*o + 2*z. Suppose -4*h = o - 5. What is the units digit of h?
1
Let q(w) = -6 + w**2 + 6 + 0 - 3*w. What is the units digit of q(4)?
4
Let m(i) = i**2 + 9*i - 6. Let b(a) = -1. Let n(y) = -2*b(y) - m(y). What is the units digit of n(-9)?
8
Suppose i - 6*i + 25 = 0. Suppose 4 = 6*f - i*f. What is the units digit of f*(11/4 + -2)?
3
Suppose 28 = 4*n - 12. What is the tens digit of n?
1
Suppose -3*i - 2*l + 4*l + 20 = 0, 0 = -2*l - 8. Let s = -2 + 5. Suppose i*w = 5*y - w - 30, y - s = -2*w. What is the units digit of y?
5
Suppose y + y - 116 = -4*a, 4 = y. What is the units digit of a?
7
Let h = 38 - 26. Suppose -3*z = -h, 44 = 2*f + z - 60. What is the units digit of f?
0
Let l = 15 - 21. What is the tens digit of (-104)/l + 5/(-15)?
1
Let k(r) = 5*r**2 - 2*r - 2. What is the units digit of k(3)?
7
Let k(z) = z**2 + 6*z + 11. What is the units digit of k(-9)?
8
Suppose n - 35 = 2*o - 7, 2*o - 2*n + 24 = 0. Let f = o - -28. What is the tens digit of f?
1
Suppose 5*l = 6*l - 10. Suppose 3*v - 8 = i, -v = -3*v - 4*i + l. Let n(u) = -u**2 + 6*u. What is the units 